)/25 prime?
False
Suppose 0 = -j + 2*d - 8, -30 - 1 = 5*j - d. Let s be 16*(587/2)/(j - -8). Suppose s = 11*l - 4703. Is l a composite number?
False
Suppose 5*d - 68486 = 4*h - 1239722, 2*d + 1464079 = 5*h. Is h composite?
False
Let k(w) = 2137*w + 8. Let p be k(2). Suppose -3*i - 3*r = 6441, 2*i + 2*r + 3*r = -p. Is (-1)/(-2)*-4 - i prime?
False
Let t = -83 - -85. Suppose -5 = c - t. Is (4 - (c + 10))*(-1319)/3 a prime number?
True
Let q(k) be the third derivative of 0 + 0*k - 11/12*k**4 + 3*k**2 + 1/30*k**5 + 29/6*k**3. Is q(-18) prime?
False
Let p = 22 + 7. Let d = p + -32. Is 2/((18/(-1497))/d) a prime number?
True
Let v = -181262 - -268075. Is v composite?
False
Suppose -q - 3*j + 92465 = 0, 7*q + 3*j + 277347 = 10*q. Is q a composite number?
True
Let n = 625 + -1438. Let f = -2 - n. Suppose -3*u = -3*i + 439 + 56, 0 = -5*i - 2*u + f. Is i prime?
True
Suppose -17*q + 141479 = 28429. Suppose -3*m + 96679 = 18637. Suppose m = 12*n - q. Is n composite?
True
Let s be (-3)/1 - (-530 - (-5 + 0)). Let f be (0 + 13)/(6/s). Suppose 0 = -2*j + 1147 + f. Is j composite?
True
Let q = 4834 + 287. Let c = q + 6950. Is c composite?
False
Let y be (3/2)/(6 + (-39)/6). Let p(s) be the second derivative of -193*s**3/6 - 2*s. Is p(y) prime?
False
Let f(s) = 2*s + 162. Let o be f(0). Suppose o = d - 101. Is d prime?
True
Let c be (-2 - -5) + 0*7/49. Let u(x) = 147*x - 34. Is u(c) composite?
True
Suppose -2*r + 1484104 = -109*v + 113*v, 5*r = -v + 371017. Is v composite?
False
Let p(b) = 123*b - 17. Let q(h) = -122*h + 19. Let z(g) = -4*g**2 - 8*g - 5. Let i be z(-2). Let v(n) = i*q(n) - 4*p(n). Is v(8) a prime number?
False
Suppose 8 = -11*v + 12*v. Suppose -3*s + j = -v*s + 9, -4*s + 6 = 2*j. Suppose 0 = -2*u + s*c - c + 253, c = -5*u + 650. Is u prime?
False
Let f = 124 + -45. Let w = 82 - f. Suppose -w*s + 1108 = s. Is s a composite number?
False
Let n(a) = -11696*a + 1291. Is n(-35) prime?
True
Let i(u) = 2709*u**2 - 108*u + 62. Is i(5) a prime number?
True
Let v(a) = 3*a**3 + a**2 + 4*a - 4. Let r be v(1). Is (2 - -377)*(r - 3) a prime number?
True
Let w = 149 + -227. Let t be -2 + 12/w + 19998/26. Suppose -q - 2*z + 167 = 0, 0 = 5*q + 4*z - 38 - t. Is q a composite number?
False
Suppose r = -5*x + 22, 0 = -5*r + 7*r + 6. Suppose -4*j = x*w - 41246 + 8661, -5*w = -5*j - 32630. Is w prime?
True
Suppose 0 = -t + 2, -4*b = 2*t - 3944 - 41604. Let v = 16767 - b. Is v a composite number?
False
Let n = -39983 - -155922. Is n a prime number?
False
Let r(u) = -u**3 - 9*u**2 - 9*u - 5. Let a be r(-8). Suppose 5*o + 7496 = 3*n, -a*o - o - 4 = 0. Is n composite?
True
Let x(c) be the first derivative of -61*c**4/2 - 4*c**3/3 + c**2 - c - 6125. Let k = -1 + -1. Is x(k) a prime number?
False
Let i(d) = -1380*d - 317. Is i(-36) a prime number?
True
Suppose -13*b + 35*b - 308 = 0. Suppose -197282 = -b*g + 157772. Is g a composite number?
True
Let y be 3933885/(-136) - (-3)/(-8). Let k = 50711 + y. Is k composite?
True
Suppose -82254 = 4460*t - 4466*t. Is t prime?
True
Suppose -3*g = 0, -k + 124247 = 14*g - 11*g. Is k a composite number?
False
Let o(f) = 24*f**3 + 2*f**2 + 7*f + 124. Is o(13) composite?
False
Is 17814 - ((-98)/(-28))/(1*(-2)/4) composite?
True
Let y(m) = -m**3 + 60*m**2 + 31*m - 44. Let g be y(29). Suppose 0 = -13*c + 89859 - g. Is c composite?
True
Let d be (-97 - -100)/(1/(17/3)). Suppose -5113 = d*b - 19*b - w, -b - 5*w = -2534. Is b a composite number?
True
Let q(p) = 2*p**3 - 50*p**2 - 33*p - 8. Let d be q(31). Let k = d - 7482. Is k a composite number?
False
Suppose -16531 = -a - 3*y, -82675 = -5*a - 0*y - 5*y. Is a a prime number?
False
Suppose 0 = 21*k - 103171 - 366536. Is k prime?
True
Let w(x) = -24*x - 13*x + 6*x**2 + 3*x + 4*x**2 + 83 + 3*x. Is w(-24) composite?
True
Let s = 497 + -500. Is s*(1114/(-5))/((-42)/(-35)) composite?
False
Suppose 36000 = 5*f - 18155. Is f a prime number?
True
Let k = 14721 + 13556. Is k composite?
False
Let q(r) = 906*r**2 - 158*r - 2283. Is q(-13) a prime number?
False
Suppose 2*x - 3*y - 30 = -7*y, 0 = -5*x + 3*y + 10. Suppose 290 = -0*h + x*h. Let l = 201 + h. Is l composite?
True
Let m(x) = 2*x**2 - 6*x - 15. Let n be m(5). Is (0 + 3)*(110614/21 - n) prime?
True
Suppose 11*m - 140 = -3*m. Let n be (-9788)/m + 12/15. Let s = 1649 + n. Is s a composite number?
True
Let d be (-652)/(-6) + 3/9. Let u = -625 + 765. Let r = d + u. Is r a prime number?
False
Suppose -4*d - 3 = -5*d. Suppose 10*c = 28558 - 7118. Suppose d*a + 545 = c. Is a prime?
False
Let y = -14 + 15. Let k be (-441)/(-45) + y/5. Suppose 9258 = k*z - 3172. Is z a composite number?
True
Suppose -42*d + 26*d + 7655437 = 57*d. Is d a prime number?
True
Let l(j) = j**3 + 7*j**2 + 10*j + 9. Let v be l(-3). Suppose r + 4*r = 5*m + v, 31 = 2*r + 3*m. Suppose -4*g + g - 5*a + 988 = 0, r = 4*a. Is g composite?
True
Let u be (1501/(-1) + 1)/((-24)/96). Suppose -5*p - q + u = 0, -4*p + 4771 = -5*q - 0*q. Is p prime?
False
Let s = -179 - -184. Suppose -67479 = -s*t - 16424. Is t a composite number?
False
Suppose 2*z + 235 + 835 = 4*f, 4 = -4*z. Suppose b = 4*t + f, -464 = -3*b - 5*t + 286. Suppose 35 = 2*x - b. Is x a prime number?
False
Suppose -10 = 4*p - 186. Is 2561/4*(48 - p) composite?
True
Let f = 135 + -116. Suppose f*v = 15*v + 4964. Is v a composite number?
True
Let g(r) = 61 + 4*r - 10*r - 8*r - 3*r. Is g(-26) a prime number?
True
Suppose -3*b - 3*f + 67101 = 0, b = -b + 5*f + 44734. Is b a composite number?
False
Suppose -117 = -5*m - 2*f, -4*m - 9*f + 5*f = -96. Suppose -m*x = -12*x - 132935. Is x a composite number?
True
Let w(h) = h**3 + 2*h**2 + 11*h + 26. Let d be w(-4). Let f = d - -6. Is (201/(-6))/(1 + f/40) prime?
False
Suppose -4*i + 3*i - c + 75 = 0, -3*i = 4*c - 227. Suppose -68*a - 27995 = -i*a. Is a prime?
False
Suppose -5*t + 5*c = -289890, 4*c + 53841 = t - 4122. Is t a prime number?
False
Let u = 62 - 57. Suppose 0*d = 2*b + 5*d - 1237, -3165 = -u*b + 2*d. Is b composite?
False
Let q be (-1 - 1)*(-19)/2. Suppose -292270 = -q*t + 9*t. Is t a prime number?
False
Suppose -9682 + 1878 = -2*s. Let q = s - 2217. Suppose 3*p = -2*p + q. Is p a prime number?
True
Suppose -111*w + 251752 = 107*w - 210*w. Is w composite?
False
Let n(w) be the third derivative of 67*w**5/30 + w**4/8 - w**3/3 + w**2. Suppose 13*r + 36 = 75. Is n(r) prime?
True
Suppose -44503 = -24*t + 64625. Is t a prime number?
True
Let t = 154646 - 60613. Is t a prime number?
True
Let g = 7487 - 3598. Suppose -3*c + g = 3*i + 1018, -5*i = -c - 4797. Is i prime?
False
Let w(p) = -380*p - 23*p**2 + 124*p + 145*p - p**3 - 19 + 121*p. Suppose 0*x - 3*x - 72 = 0. Is w(x) a composite number?
False
Suppose -600*b = -622*b + 4361918. Is b a prime number?
False
Let t(j) = 62*j**2 - 151*j + 79. Is t(60) a composite number?
False
Is (1768/(-208))/(2/35572*-1 - 0) prime?
False
Let f be 0/(-2*1) - 4908/(-2). Let h = f - 1363. Suppose h = 2*y - 755. Is y composite?
True
Suppose 3*m - 2*v + 4*v = 4, 3*v - 7 = -5*m. Suppose 4*j = i - 409, -818 = -2*i - 2*j - m*j. Is i composite?
False
Suppose -17*b + 10*b = -28. Suppose 0 = -6*t + 4*t - b, -4*t = -5*w + 19723. Is w prime?
True
Let h = -165 - -189. Suppose -31*y + h*y + 20195 = 0. Is y prime?
False
Suppose 81 = 4*l + 61. Suppose l*m - m = 34972. Is m prime?
False
Is ((-42)/9)/(8*7/(-59978436)) a prime number?
False
Let t be (-1)/(8/50 + 26/(-130)). Suppose 20*j - t*j = -15515. Is j a prime number?
False
Suppose 2*k - 14 = -5*x, 3*k + 7*x - 8*x - 21 = 0. Suppose -5*g + k*a - 3*a + 27891 = 0, 4*a - 5583 = -g. Is g a prime number?
False
Is -4 - (-15 - 1399040/10) a prime number?
False
Let c(q) = -q**3 - 8*q**2 - 5*q + 12. Let d be c(-7). Let z(w) = -w**2 + w + 6. Let v be z(d). Suppose v = 3*s - 5*m + m - 633, -4*s - 2*m = -844. Is s prime?
True
Suppose 0 = 6*j - 60. Suppose -j = -4*k - k. Suppose k*n = 660 - 254. Is n composite?
True
Let d = 3423 - 1996. Suppose 0 = m + 2*a - d, 0*m = -m + 5*a + 1413. Is m prime?
True
Let r(x) = -2*x**2 - 3*x + 11. Let o be r(-8). Let u = o - -135. Let f = u - -52. Is f composite?
True
Let a = -48 - -45. Let p be (a/9)/(1/3) - 293. Let v = 503 + p. Is v a composite number?
True
Suppose 0 = 4*t + k + 39, -3*t = -6*t + 4*k - 15. Is t/(-54) + (-4306)/(-12) a composite number?
False
Let y(c) = 4394*c**2 - 11